88 - 290/(-8)?
34
Let c = -66 + 66. Calculate the remainder when 34 is divided by (0/2 - -2) + (4 - c).
4
Let w(s) = -s**3 - 3*s**2 - 9*s - 23. Let t be w(-3). Suppose 210 = 19*m - t*m. What is the remainder when 50 is divided by m?
8
Suppose -4*f - 5 = -5*u, -3 = -3*u + f + 3*f. Calculate the remainder when 424/30 - 86*146/94170 is divided by 18/4*(u + 1).
5
Suppose -5*w = -6*k + 745, -355 = -3*k + 96*w - 91*w. Calculate the remainder when k is divided by 122.
8
Let y be (-216)/(-15)*((-25)/15 + -5). Let o = 157 - 236. Let c = o - y. What is the remainder when 50 is divided by c?
16
Let l(o) = -o**3 + 15*o**2 - 29*o + 7. Let w be l(12). Let v = w - -54. Calculate the remainder when v is divided by 17.
9
Suppose 11 + 21 = 8*y. Suppose -4*c = -y*d - 88, c + d = 17 - 3. Calculate the remainder when 27 is divided by c.
9
Let y(z) = 2*z**2 - 175*z + 3923. Let l = -16 + 38. What is the remainder when y(48) is divided by l?
21
Let a(w) = 56*w**2 - 58*w + 222. What is the remainder when a(5) is divided by 167?
163
Suppose l = -l - x + 89, -2*l + 80 = -2*x. Let q(k) = 5*k + 703*k**3 + k - 1402*k**3 - 4*k**2 + 700*k**3. What is the remainder when l is divided by q(3)?
7
Let i = 102 - 102. Suppose h - 1 - 32 = i. What is the remainder when 46 is divided by h?
13
Suppose h = s + 79 - 211, 0 = 5*s + 2*h - 674. Calculate the remainder when s is divided by 86.
48
Let d(h) = -h**2 - 16*h - 4. Let b = -53 + 53. Suppose 4*j + 4*a = -24, b*j + 4*a = 5*j + 48. Calculate the remainder when d(j) is divided by 21.
18
Let l be (-3399)/(-39) + 304/52 + -6. Suppose 0 = -3*u - 15 + l. Calculate the remainder when 64 is divided by u.
16
Suppose -s - 2*s = -123. Let u = 64 + s. Calculate the remainder when u is divided by 53.
52
Let u(n) = -n**3 + 5*n**2 + 7*n + 5. Let x be (((-8)/(-10))/(-1))/((-4)/(-10)). Let g be (-3)/1 - x - -7. Calculate the remainder when u(g) is divided by 6.
5
Let l = 10845 + -10824. What is the remainder when 84 is divided by l?
0
Let i(a) = -2*a**2 - 43*a - 44. Let m = -54 - -38. Let n = m + 47. Calculate the remainder when i(-12) is divided by n.
29
Let y = 3671 - -4570. Suppose 24*f + 17*f = y. Calculate the remainder when f is divided by 29.
27
Let t(g) = g**3 + 5*g**2 - 4*g - 4. Let i(s) = 2*s - 19. Let l be i(8). Let r = -143 - -245. What is the remainder when r is divided by t(l)?
24
Let p(y) = 2*y**2 - 135*y + 254. Calculate the remainder when 1006 is divided by p(66).
54
Suppose 5*y + c = 185, 5*c = 4*y - 2*y - 101. Let z(q) = 4*q + 67. What is the remainder when z(20) is divided by y - (0 - 4/(-4))?
36
Suppose 21*a - 60*a + 1404 = 0. Calculate the remainder when 66 is divided by a.
30
Suppose -20 = 4*c + 64. Let p = 55 + c. What is the remainder when p is divided by 8 - 1 - (-2 + -11 + 14)?
4
Let g = 939 + -925. Suppose -7 - 1 = -2*v. What is the remainder when g is divided by v?
2
Let g(q) = -q + 29. Let h be g(24). Suppose -5*f + w = -9*f + 225, f = -h*w + 61. Calculate the remainder when f is divided by 25.
6
Suppose f = 4, 5*f - 16 = -5*o + 44. Suppose o*c = 15*c + 42. Calculate the remainder when 37 is divided by 0 - (-4)/c - 59/(-3).
18
Let b = -107182 - -107219. Calculate the remainder when (6/(-4))/(3/(-436)) is divided by b.
33
Suppose 102*s - 106*s = -120. Calculate the remainder when 395*((-48)/s - -2) is divided by 42.
32
Suppose 9*d - 100 = 899. Calculate the remainder when 138 is divided by d.
27
Let z(b) = 4*b - 12. Let p be 6 - ((-88)/(-154))/((-4)/14). Calculate the remainder when 138 is divided by z(p).
18
Let f be -6 - -8 - (-3 - 24). Suppose 0 = -h + 94 + f. Calculate the remainder when h is divided by 25.
23
Let r(j) = -27*j**3 + 46*j + 151. What is the remainder when r(-3) is divided by 43?
11
Let d be (-1 - 1)/((-162)/(-30) + -5). Let o(h) = 11*h - 37. Let y(l) = -21*l + 76. Let t(v) = d*o(v) - 3*y(v). What is the remainder when 7 is divided by t(6)?
2
Let i be ((-32)/6)/((-12)/234). Suppose -w + 282 = -n, -9*n - 1418 = -5*w - 6*n. Let k = w - i. What is the remainder when k is divided by 46?
44
Let d(g) = -g + 55. What is the remainder when d(0) is divided by 29/((8 + 0)/(-8 - -16))?
26
Suppose 0 = 3*k - 4*i - 70, 0*k - 132 = -5*k - i. Let o(h) = 2*h + 4. Let v be o(-1). Suppose -q + 27 = v*q. Calculate the remainder when k is divided by q.
8
What is the remainder when 126/15*(-50)/(-15) is divided by 0 + 4 + -3 + 3?
0
Let u(z) = 663*z + 4649. What is the remainder when 1297 is divided by u(-7)?
1
Let u(r) = -r**2 + 28*r - 67. Let z be u(22). Suppose -z = -5*i + 355. Calculate the remainder when i is divided by 5.
4
Let o(n) = 3*n**2 - 8*n + 24. Let d be o(10). Let m = -25 - -189. Let t = d - m. Calculate the remainder when t is divided by 21.
17
Suppose 119 + 12 = 35*f - 114. What is the remainder when 531 is divided by f?
6
Let n = -7 + 7. Suppose n*a = 5*a - 25. Calculate the remainder when 142 is divided by (2 - a) + 39*1.
34
Let p = 55 - 33. Let c = p - 9. Suppose 4*t + o - 261 = -0*o, 5*o + 103 = 2*t. Calculate the remainder when t is divided by c.
12
Suppose -17645 = 69*t - 87956. What is the remainder when t is divided by 178?
129
Let g = 78721 + -78707. Suppose -3*o = 3*y - 11 - 190, 2*y = 3*o + 134. What is the remainder when y is divided by g?
11
Let a = -15 + 9. What is the remainder when (-3740)/(-330) + 4/6 - -4 is divided by (-6)/7*(a - 1)?
4
Suppose -20515 + 6660 = -17*p. Calculate the remainder when p is divided by 41.
36
Let a = 5406 - 5402. What is the remainder when 10270 is divided by a?
2
Let q = -2310 - -2348. What is the remainder when 3305 is divided by q?
37
Calculate the remainder when 3825 is divided by (-280174)/(-2121) + (6/(-63))/1.
129
Suppose 13 = -l + 25. What is the remainder when 354/l*12/6 is divided by 12?
11
Suppose 432 - 3591 = -27*y. Calculate the remainder when y is divided by 98.
19
Let k(c) = 2*c**2 + 2*c + 4. Let r be k(-4). Suppose r*d = 23*d + 265. What is the remainder when 3 - 4*(-4)/(-16) - -314 is divided by d?
51
Let z(x) = x**3 + 4. Let i be z(0). Suppose i*v = w - 185, 238 = 2*w + 3*v - 99. Calculate the remainder when w is divided by 44.
41
Suppose -4*b - p - 1133 = -2734, 0 = -5*b - 5*p + 2005. Calculate the remainder when b is divided by 88.
48
Suppose 5*s = 5*t - 7*t + 1, -4*s - 4 = t. Calculate the remainder when 1870 is divided by t.
6
Let c(b) = -28*b - 1798. What is the remainder when c(-72) is divided by 17?
14
Suppose 0 = 2*y + 4*i, -20 = 5*y - 2*i + 16. Let z be (0 - y/5)*175/14. Suppose 14*j + 4 = z*j. Calculate the remainder when 31 is divided by j.
3
Let w = -774 - -820. Suppose -52*s + w*s = -30. What is the remainder when 51 is divided by s?
1
Let g(l) = 55*l**2 - 3*l - 43. What is the remainder when g(7) is divided by 94?
93
Suppose 16 = 8*v - 16. Let y = v - 3. Let z(i) = 20*i**2 - 4*i + 3. What is the remainder when 72 is divided by z(y)?
15
Let f(j) = 11 - 21*j**2 + 24*j**2 - 31. Calculate the remainder when f(8) is divided by 44.
40
Let m = 6581 + -6513. Calculate the remainder when m is divided by 62.
6
Let f be 6/2 + -7 + 5. Suppose g - 1 = f. Suppose -5*a - g*l + 328 = 0, a + a = 2*l + 120. What is the remainder when a is divided by 13?
12
Let u(w) = 62*w + 14. Calculate the remainder when 865 is divided by u(0).
11
Let l = -10787 - -16674. What is the remainder when l is divided by 2?
1
Suppose a - 5 = 2*w, -2*w - 9 = -3*a + 6. Let k(u) = 2*u**2 - 8*u + 22. Let g be k(a). Let h = 46 - g. Calculate the remainder when 82 is divided by h.
12
Suppose -4*p + 14*p + 90 = 0. Suppose -5*n + m - 76 - 29 = 0, 2*n - 4*m = -60. Let l = p - n. What is the remainder when l is divided by 6?
5
Let w = -2308 + 2316. What is the remainder when 228 is divided by w?
4
Let n(i) = -3*i. Let d(p) = 40*p - 19. Let s(o) = 2*d(o) + 22*n(o). Calculate the remainder when 69 is divided by s(4).
15
Let n(t) = -2*t + 59. Let c be 1344/147 + (-1)/7. Suppose -4*p = 0, 2*l - p - 2*p = 240. Calculate the remainder when l is divided by n(c).
38
Let r(m) = -3 - 10*m - 3 + 5 - 2*m**2 + m**2. Let w be r(-6). Suppose -12 - w = -t. What is the remainder when t is divided by 9?
8
Let o be (-561)/21 + (-2)/7. Let p = -8 - o. Suppose 0 = 8*u - 0*u - 40. What is the remainder when p is divided by u?
4
Suppose 0 = 6*m - 1528 - 110. Let j = m - 243. What is the remainder when